hat is the hundreds digit of 26888?
8
What is the ten thousands digit of 11999?
1
What is the thousands digit of 3267?
3
What is the units digit of 1007?
7
What is the thousands digit of 4960?
4
What is the units digit of 3859?
9
What is the hundreds digit of 131728?
7
What is the tens digit of 2208?
0
What is the tens digit of 39814?
1
What is the hundreds digit of 111?
1
What is the tens digit of 9948?
4
What is the units digit of 99134?
4
What is the thousands digit of 39528?
9
What is the thousands digit of 25000?
5
What is the thousands digit of 1446?
1
What is the hundreds digit of 888?
8
What is the thousands digit of 66465?
6
What is the tens digit of 6416?
1
What is the units digit of 795?
5
What is the hundreds digit of 23226?
2
What is the tens digit of 20954?
5
What is the thousands digit of 2307?
2
What is the tens digit of 1002?
0
What is the tens digit of 436?
3
What is the units digit of 1011?
1
What is the units digit of 932?
2
What is the units digit of 1210?
0
What is the thousands digit of 7332?
7
What is the tens digit of 491?
9
What is the thousands digit of 1857?
1
What is the hundreds digit of 1026?
0
What is the units digit of 14561?
1
What is the hundreds digit of 99881?
8
What is the hundreds digit of 125?
1
What is the hundreds digit of 1755?
7
What is the units digit of 13652?
2
What is the tens digit of 40239?
3
What is the units digit of 165486?
6
What is the units digit of 1095?
5
What is the tens digit of 5221?
2
What is the tens digit of 9974?
7
What is the units digit of 124447?
7
What is the hundreds digit of 55502?
5
What is the hundreds digit of 84553?
5
What is the thousands digit of 1085?
1
What is the thousands digit of 2406?
2
What is the tens digit of 552?
5
What is the units digit of 2294?
4
What is the ten thousands digit of 62400?
6
What is the hundreds digit of 1026?
0
What is the units digit of 47?
7
What is the thousands digit of 46835?
6
What is the units digit of 55?
5
What is the hundreds digit of 2372?
3
What is the thousands digit of 2234?
2
What is the tens digit of 76200?
0
What is the hundreds digit of 32647?
6
What is the hundreds digit of 36829?
8
What is the tens digit of 32423?
2
What is the tens digit of 673?
7
What is the hundreds digit of 3605?
6
What is the units digit of 612?
2
What is the tens digit of 1559?
5
What is the units digit of 8109?
9
What is the units digit of 6504?
4
What is the units digit of 101?
1
What is the units digit of 18640?
0
What is the tens digit of 1340?
4
What is the units digit of 3246?
6
What is the hundreds digit of 1541?
5
What is the hundreds digit of 1235?
2
What is the hundreds digit of 3818?
8
What is the units digit of 324?
4
What is the hundreds digit of 23772?
7
What is the hundreds digit of 232?
2
What is the ten thousands digit of 31915?
3
What is the tens digit of 302?
0
What is the tens digit of 580?
8
What is the hundreds digit of 6437?
4
What is the hundreds digit of 1253?
2
What is the units digit of 1035?
5
What is the thousands digit of 41279?
1
What is the hundreds digit of 5704?
7
What is the hundreds digit of 62685?
6
What is the tens digit of 414?
1
What is the units digit of 185?
5
What is the hundreds digit of 15513?
5
What is the thousands digit of 1598?
1
What is the tens digit of 8884?
8
What is the tens digit of 13893?
9
What is the units digit of 36762?
2
What is the units digit of 4110?
0
What is the hundreds digit of 999?
9
What is the units digit of 22150?
0
What is the hundreds digit of 4881?
8
What is the tens digit of 146?
4
What is the hundreds digit of 12406?
4
What is the hundreds digit of 2745?
7
What is the tens digit of 242?
4
What is the units digit of 8012?
2
What is the thousands digit of 51939?
1
What is the hundreds digit of 103139?
1
What is the tens digit of 356?
5
What is the thousands digit of 62272?
2
What is the units digit of 1285?
5
What is the units digit of 3986?
6
What is the ten thousands digit of 72942?
7
What is the tens digit of 495?
9
What is the thousands digit of 9361?
9
What is the units digit of 3692?
2
What is the thousands digit of 3597?
3
What is the tens digit of 5444?
4
What is the tens digit of 21191?
9
What is the tens digit of 19138?
3
What is the thousands digit of 197284?
7
What is the thousands digit of 10998?
0
What is the tens digit of 5458?
5
What is the tens digit of 8354?
5
What is the hundreds digit of 1355?
3
What is the units digit of 1082?
2
What is the thousands digit of 57243?
7
What is the thousands digit of 1560?
1
What is the units digit of 14758?
8
What is the tens digit of 6013?
1
What is the ten thousands digit of 51742?
5
What is the hundreds digit of 1523?
5
What is the tens digit of 53091?
9
What is the tens digit of 30751?
5
What is the thousands digit of 5031?
5
What is the ten thousands digit of 75807?
7
What is the hundreds digit of 2492?
4
What is the units digit of 6090?
0
What is the thousands digit of 7076?
7
What is the thousands digit of 60089?
0
What is the tens digit of 6004?
0
What is the units digit of 4483?
3
What is the units digit of 17150?
0
What is the tens digit of 45579?
7
What is the thousands digit of 4237?
4
What is the tens digit of 4290?
9
What is the units digit of 3986?
6
What is the units digit of 20631?
1
What is the tens digit of 10086?
8
What is the tens digit of 6124?
2
What is the tens digit of 3536?
3
What is the hundreds digit of 4533?
5
What is the hundreds digit of 142?
1
What is the hundreds digit of 17462?
4
What is the thousands digit of 2004?
2
What is the thousands digit of 1036?
1
What is the units digit of 36229?
9
What is the tens digit of 3099?
9
What is the units digit of 52450?
0
What is the hundreds digit of 1918?
9
What is the hundreds digit of 62388?
3
What is the hundreds digit of 9954?
9
What is the tens digit of 16997?
9
What is the units digit of 30261?
1
What is the thousands digit of 5483?
5
What is the tens digit of 2092?
9
What is the thousands digit of 1203?
1
What is the units digit of 3298?
8
What is the tens digit of 2286?
8
What is the hundreds digit of 1037?
0
What is the hundreds digit of 293?
2
What is the units digit of 3461?
1
What is the units digit of 254?
4
What is the thousands digit of 28496?
8
What is the tens digit of 635?
3
What is the hundreds digit of 611?
6
What is the units digit of 20090?
0
What is the thousands digit of 36168?
6
What is the tens digit of 629?
2
What is the thousands digit of 30623?
0
What is the ten thousands digit of 17371?
1
What is the thousands digit of 2296?
2
What is the units digit of 781?
1
What is the thousands digit of 131556?
1
What is the hundreds digit of 152?
1
What is the thousands digit of 67805?
7
What is the thousands digit of 1231?
1
What is the units digit of 5293?
3
What is the tens digit of 1747?
4
What is the units digit of 5592?
2
What is the hundreds digit of 787?
7
What is the units digit of 2675?
5
What is the tens digit of 2452?
5
What is the hundreds digit of 17452?
4
What is the thousands digit of 120341?
0
What is the tens digit of 14885?
8
What is the hundreds digit of 3419?
4
What is the units digit of 35957?
7
What is the tens digit of 38171?
7
What is the units digit of 34878?
8
What is the ten thousands digit of 95918?
9
What is the hundreds digit of 3382?
3
What is the hundreds digit of 2090?
0
What is the hundreds digit of 108?
1
What is the thousands digit of 32908?
2
What is the units digit of 1126?
6
What is the tens digit of 849?
4
What is the tens digit of 1557?
5
What is the tens digit of 1449?
4
What is the units digit of 2739?
9
What is the tens digit of 67153?
5
What is the thousands digit of 12603?
2
What is the hundreds digit of 300?
3
What is the thousands digit of 8273?
8
What is the tens digit of 2139?
3
What is the tens digit of 10899?
9
What is the hundreds digit of 1995?
9
What is the thousands digit of 5035?
5
What is the units digit of 3752?
2
What is the thousands digit of 1281?
1
What is the hundreds digit of 5492?
4
What is the units digit of 33390?
0
What is the tens digit of 21?
2
What is the hundreds digit of 8466?
4
What is the ten thousands digit of 85085?
8
What is the units digit of 530?
0
What is the units digit of 2381?
1
What is the tens digit of 91531?
3
What is the tens digit of 1